se 11) to base 7.
244
What is -961 (base 13) in base 14?
-824
Convert c95 (base 13) to base 16.
866
-2030 (base 9) to base 5
-21420
-715 (base 14) to base 12
-97b
Convert 1c4dd (base 15) to base 12.
45461
Convert 3330332 (base 4) to base 5.
1004230
10151 (base 10) to base 6
114555
Convert 12102000 (base 3) to base 10.
3942
-5365 (base 15) to base 16
-44ed
Convert 15515 (base 10) to base 3.
210021122
1d9e (base 16) to base 10
7582
What is -29166 (base 11) in base 5?
-2311304
20300223 (base 4) to base 16
8c2b
Convert -22221 (base 4) to base 15.
-306
Convert 3941 (base 14) to base 7.
41211
What is -10022220 (base 3) in base 14?
-c55
What is -10001100101 (base 2) in base 12?
-799
-1737 (base 8) to base 12
-6a7
3c4c (base 16) to base 9
23151
What is -194 (base 13) in base 8?
-442
What is -123 (base 15) in base 11?
-215
2a6 (base 15) to base 12
426
-19971 (base 12) to base 15
-b264
120507 (base 8) to base 3
2002122011
-135243 (base 6) to base 5
-402333
Convert 2a2 (base 15) to base 7.
1520
187 (base 12) to base 10
247
Convert 420 (base 8) to base 11.
228
Convert -21320 (base 10) to base 12.
-10408
Convert 1100111010 (base 2) to base 11.
691
23322 (base 4) to base 6
3310
Convert -17c7 (base 14) to base 2.
-1000011000011
What is 927 (base 13) in base 8?
3022
Convert -a08 (base 16) to base 11.
-1a25
-15001 (base 7) to base 16
-1015
Convert 110111021 (base 3) to base 5.
242411
What is -330001 (base 4) in base 13?
-1996
4a91 (base 16) to base 7
106440
Convert 220021122 (base 3) to base 13.
8099
What is -4373 (base 8) in base 16?
-8fb
Convert -104425 (base 6) to base 4.
-2021201
What is -6b9 (base 13) in base 16?
-48e
Convert -451 (base 7) to base 4.
-3220
-1020001 (base 3) to base 9
-1201
What is 202031 (base 4) in base 7?
6245
d73 (base 16) to base 8
6563
70 (base 15) to base 12
89
Convert -143450 (base 7) to base 9.
-41855
What is 1531 (base 7) in base 15?
2aa
What is -13c4 (base 13) in base 4?
-230300
-b499 (base 12) to base 4
-10303311
What is -36676 (base 12) in base 13?
-27612
What is -100011100010 (base 2) in base 11?
-1788
What is 14420 (base 11) in base 5?
1123341
Convert -583 (base 11) to base 2.
-1010111000
Convert -1264 (base 10) to base 14.
-664
What is 1010301 (base 4) in base 14?
1865
Convert -43403 (base 7) to base 4.
-2221100
Convert 101001011110 (base 2) to base 13.
1292
Convert 13241 (base 5) to base 13.
645
What is -a395 (base 11) in base 5?
-420102
9be (base 15) to base 14
b36
What is 1eb9 (base 16) in base 10?
7865
3041 (base 5) to base 8
614
Convert 1111002011 (base 3) to base 9.
44064
Convert 5a2 (base 12) to base 15.
3b2
224 (base 8) to base 4
2110
13211020 (base 4) to base 16
7948
250 (base 8) to base 6
440
-653 (base 9) to base 4
-20112
Convert -1001110100111 (base 2) to base 15.
-1756
Convert -2122212 (base 3) to base 4.
-132110
What is 230355 (base 6) in base 5?
1111313
What is 323140 (base 6) in base 16?
6804
-bb9 (base 13) to base 4
-133123
-6179 (base 12) to base 14
-3c17
178 (base 10) to base 6
454
What is 4305 (base 6) in base 16?
3d1
What is 1110 (base 4) in base 2?
1010100
What is -6764 (base 15) in base 13?
-9c91
What is 13102 (base 4) in base 10?
466
332131 (base 4) to base 15
12b7
What is 15661 (base 9) in base 7?
43222
What is -19aa (base 16) in base 8?
-14652
Convert 100011101 (base 2) to base 7.
555
What is 237 (base 13) in base 7?
1056
What is -a057 (base 13) in base 10?
-22042
Convert c133 (base 13) to base 7.
140323
What is -3b0 (base 12) in base 5?
-4224
What is 3343 (base 9) in base 11?
1945
12097 (base 15) to base 16
e0ad
What is 3022 (base 4) in base 8?
312
Convert -7023 (base 12) to base 4.
-2331123
Convert 1424 (base 12) to base 14.
bc8
What is 1110 (base 6) in base 8?
402
Convert -33442 (base 7) to base 8.
-20412
-57 (base 10) to base 2
-111001
-205 (base 13) to base 9
-421
Convert -23333201 (base 4) to base 7.
-263132
Convert 12210001 (base 3) to base 15.
13ad
Convert 1266 (base 10) to base 11.
a51
What is -1444444 (base 5) in base 14?
-b561
What is -27318 (base 9) in base 4?
-10200311
Convert 7c75 (base 15) to base 8.
63503
20210122 (base 4) to base 10
35098
-1342 (base 5) to base 8
-336
What is -30331 (base 5) in base 10?
-1966
What is 2434 (base 11) in base 6?
22423
What is -413020 (base 5) in base 3?
-200112101
1324 (base 7) to base 13
301
Convert 13809 (base 11) to base 12.
b423
What is -10122 (base 5) in base 3?
-220112
What is 11102201 (base 3) in base 16?
ca0
What is 31634 (base 7) in base 16?
1eb9
Convert 44241 (base 5) to base 2.
101111111111
-53553 (base 6) to base 4
-1302231
-3043211 (base 5) to base 4
-30022032
Convert 10054 (base 6) to base 4.
110302
33337 (base 9) to base 2
101011010000011
114a (base 12) to base 13
b56
6406 (base 8) to base 12
1b1a
Convert 14345 (base 6) to base 14.
ba1
Convert -1240 (base 8) to base 2.
-1010100000
Convert -27a (base 15) to base 5.
-4230
1101312 (base 4) to base 11
3a32
Convert -2a6d (base 15) to base 12.
-5327
Convert 1737 (base 9) to base 6.
10054
What is -6298 (base 12) in base 8?
-25024
What is -100101101011001 (base 2) in base 16?
-4b59
-b9b1 (base 14) to base 8
-76547
3133330 (base 5) to base 15
10795
21aab (base 12) to base 15
d3eb
9c72 (base 16) to base 12
1b216
-33b (base 13) to base 10
-557
Convert -219 (base 16) to base 6.
-2253
What is -2532 (base 13) in base 7?
-21252
What is -2542 (base 6) in base 4?
-21332
-121352 (base 7) to base 14
-80d2
Convert -1010010111 (base 2) to base 11.
-553
-61a7 (base 11) to base 8
-20040
What is -527 (base 8) in base 10?
-343
What is -220424 (base 5) in base 15?
-23c9
-243401 (base 6) to base 7
-116524
What is -1530 (base 15) in base 3?
-20020100
What is -36 (base 12) in base 11?
-39
-3916 (base 10) to base 11
-2a40
What is 243466 (base 7) in base 8?
126713
What is 341 (base 9) in base 16?
118
Convert 321b (base 12) to base 8.
12567
525 (base 14) to base 8
1765
-11b2 (base 14) to base 11
-2365
Convert 1211 (base 5) to base 12.
131
Convert -1022200100 (base 3) to base 2.
-110010110011010
Convert -240 (base 13) to base 3.
-112110
Convert -1311 (base 8) to base 16.
-2c9
-6cb (base 13) to base 8
-2235
Convert 2816 (base 16) to base 10.
10262
a85 (base 13) to base 15
7ee
Convert 2010102212 (base 3) to base 5.
2314443
-42155 (base 6) to base 3
-21210122
Convert 2202220 (base 4) to base 15.
313d
What is 2720 (base 8) in base 16?
5d0
Convert -6a91 (base 12) to base 10.
-11917
3703 (base 14) to base 15
2ca7
Convert 3414 (base 7) to base 16.
4d4
-101011012 (base 4) to base 13
-25ac5
Convert 21a19 (base 13) to base 2.
1110111001100111
134245 (base 6) to base 16
3155
What is -10100001010110 (base 2) in base 16?
-2856
Convert -12221220 (base 4) to base 2.
-110101001101000
What is -57d (base 16) in base 6?
-10301
2211001 (base 3) to base 5
31203
Convert 804 (base 15) to base 8.
3414
11200001 (base 3) to base 15
101d
Convert -364 (base 11) to base 16.
-1b1
-430c (base 14) to base 16
-2d38
-1113332 (base 5) to base 8
-46602
Convert 5c1 (base 16) to base 11.
111a
What is 419 (base 13) in base 16?
2ba
112012 (base 3) to base 15
1a8
102 (base 7) to base 16
33
1041124 (base 5) to base 6
220401
What is -1100010010 (base 2) in base 3?
-1002010
-445 (base 11) to base 13
-320
2081 (base 11) to base 15
c36
Convert -2486 (base 12) to base 13.
-1b60
What is -16371 (base 8) in base 6?
-54201
What is 21102200 (base 3) in base 11?
4086
What is -15 (base 13) in base 3?
-200
540 (base 12) to base 7
2145
Convert -732 (base 8) to base 5.
-3344
What is -30302 (base 5) in base 11?
-1515
11000001010 (base 2) to base 6
11054
What is -1153 (base 7) in base 3?
-120221
167c (base 14) to base 10
4030
-1100 (base 5) to base 16
-96
Convert a39 (base 14) to base 13.
bb9
What is -5333 (base 15) in base 9?
-26123
Convert 56110 (base 7) to base 2.
11011100100111
Convert -552 (base 11) to base 6.
-3022
-1460 (base 8) to base 7
-2244
Convert -213221 (base 4) to base 7.
-10253
What is 100030 (base 7) in base 14?
61c0
743 (base 15) to base 5
23023
What is 2133 (base 4) in base 13?
c3
What is -132301 (base 4) in base 6?
-13041
Convert -10001110111001 (base 2) to base 4.
-2032321
20230 (base 4) to base 11
466
What is -2461 (base 9) in base 8?
-3455
Convert 8559 (base 10) to base 12.
4b53
Convert -131 (base 12) to base 9.
-221
What is 4663 (base 8) in base 4?